034 prime?
False
Is 254483 a composite number?
True
Is 162940103 a composite number?
False
Is 10971707 a prime number?
True
Is 29297599 composite?
True
Is 57023 a prime number?
False
Is 4009091 a composite number?
False
Is 7026299 composite?
True
Is 151511267 a prime number?
True
Is 5674433 a composite number?
True
Is 27286199 composite?
False
Is 522103 composite?
True
Is 393309941 prime?
True
Is 57478291 composite?
True
Is 396911 a prime number?
False
Is 18585731 composite?
True
Is 3787241 a composite number?
True
Is 50510651 prime?
False
Is 10551482 composite?
True
Is 72434189 a prime number?
True
Is 67947155 composite?
True
Is 31410809 a composite number?
False
Is 80492593 a composite number?
False
Is 12243631 composite?
True
Is 50970329 a composite number?
False
Is 27984727 a composite number?
False
Is 5911057 a prime number?
True
Is 38828621 a composite number?
True
Is 554897857 prime?
True
Is 146573587 a composite number?
False
Is 5084617 prime?
True
Is 706417 prime?
True
Is 6820303 prime?
False
Is 15312371 a composite number?
False
Is 4305337 prime?
True
Is 3450467 prime?
True
Is 354701 a prime number?
True
Is 157972777 a composite number?
False
Is 168471061 a composite number?
True
Is 10583279 composite?
True
Is 422963 a prime number?
False
Is 2473687 a composite number?
True
Is 136035283 a prime number?
True
Is 297087209 composite?
True
Is 1968859 a composite number?
True
Is 582839 a prime number?
False
Is 825017 a composite number?
False
Is 14371463 a prime number?
False
Is 18993059 a composite number?
True
Is 7144153 prime?
True
Is 1670793 a prime number?
False
Is 1468447 a composite number?
False
Is 5221283 a composite number?
False
Is 38230897 a prime number?
False
Is 64498159 a composite number?
True
Is 2022477 a composite number?
True
Is 22004657 prime?
False
Is 18820651 composite?
False
Is 8858677 prime?
True
Is 262781 a composite number?
False
Is 485764627 a prime number?
True
Is 3094697 a composite number?
True
Is 8695243 a prime number?
False
Is 23931841 prime?
True
Is 13926907 a prime number?
True
Is 160261103 composite?
True
Is 21257729 a composite number?
False
Is 18872349 a composite number?
True
Is 5161517 a composite number?
False
Is 3555697 prime?
True
Is 4531313 prime?
True
Is 53436731 prime?
False
Is 2518855 composite?
True
Is 531707 composite?
True
Is 9083413 composite?
True
Is 680489 a prime number?
True
Is 513097411 composite?
True
Is 509534369 a prime number?
False
Is 383638741 a prime number?
True
Is 745757 a composite number?
False
Is 4473421 prime?
True
Is 43558717 prime?
True
Is 9853303 prime?
True
Is 145449643 a composite number?
False
Is 6794923 a prime number?
False
Is 959083 a prime number?
True
Is 23073783 a composite number?
True
Is 24001481 a composite number?
True
Is 75983699 composite?
True
Is 98904191 a prime number?
False
Is 33806231 composite?
True
Is 9141751 a prime number?
True
Is 113128987 prime?
True
Is 1644103 prime?
True
Is 4057483 composite?
True
Is 19413023 prime?
False
Is 54685 a composite number?
True
Is 11845453 composite?
False
Is 8742119 a prime number?
False
Is 37279213 prime?
True
Is 10169933 prime?
False
Is 32489021 a composite number?
False
Is 120474161 composite?
True
Is 2406343 composite?
False
Is 11308593 a composite number?
True
Is 778233 prime?
False
Is 1893029 a prime number?
True
Is 30820403 prime?
False
Is 15218887 a prime number?
True
Is 78216349 a prime number?
True
Is 682739 composite?
False
Is 5279671 a prime number?
True
Is 1269017 a prime number?
True
Is 4346389 prime?
False
Is 2455391 a prime number?
True
Is 14883051 a composite number?
True
Is 4536911 composite?
True
Is 991343 prime?
True
Is 15368683 prime?
False
Is 22950377 composite?
True
Is 519067 prime?
True
Is 647267 prime?
False
Is 16498639 a composite number?
False
Is 2941139 a composite number?
False
Is 322483097 a composite number?
False
Is 33713473 a composite number?
False
Is 500081 a composite number?
True
Is 2131193 prime?
True
Is 27044763 prime?
False
Is 685169 prime?
True
Is 7050859 a composite number?
False
Is 191988529 composite?
True
Is 4379951 a prime number?
False
Is 68842043 composite?
True
Is 205949413 a prime number?
True
Is 7232389 prime?
True
Is 1811627 a prime number?
True
Is 3354863 composite?
True
Is 89993923 a composite number?
True
Is 13912081 composite?
True
Is 2003203 a prime number?
False
Is 6537269 a prime number?
False
Is 7570361 a composite number?
True
Is 581960443 composite?
True
Is 76001015 a prime number?
False
Is 7044931 composite?
False
Is 22688593 composite?
True
Is 32408549 a composite number?
True
Is 141213481 a prime number?
True
Is 61323455 prime?
False
Is 121754651 prime?
True
Is 3789307 a composite number?
True
Is 10754407 composite?
False
Is 2219387 composite?
True
Is 8631191 prime?
True
Is 7624067 a prime number?
False
Is 431479 composite?
False
Is 1204097 a prime number?
True
Is 6547373 prime?
False
Is 157411627 prime?
True
Is 389111513 a prime number?
False
Is 21762827 composite?
True
Is 1223513 a composite number?
True
Is 1863637 composite?
False
Is 104200961 a prime number?
True
Is 225836801 prime?
True
Is 3822373 composite?
True
Is 3646549 prime?
False
Is 106514087 a prime number?
True
Is 74807737 a composite number?
False
Is 300338099 composite?
True
Is 2414371 a prime number?
True
Is 3740489 composite?
True
Is 5500967 a prime number?
False
Is 6034829 a composite number?
True
Is 2625307 composite?
False
Is 96064591 a prime number?
False
Is 253913249 prime?
True
Is 19890418 composite?
True
Is 75143339 composite?
False
Is 19255079 a prime number?
False
Is 2348663 prime?
False
Is 952577669 prime?
False
Is 70037729 prime?
True
Is 4716443 prime?
True
Is 16815901 a composite number?
False
Is 49597 prime?
True
Is 76173101 a prime number?
True
Is 1341293 a composite number?
False
Is 58886257 a composite number?
False
Is 1874099 a prime number?
True
Is 7171327 a composite number?
False
Is 533509 prime?
True
Is 1344415 a composite number?
True
Is 624347227 composite?
True
Is 5152943 a prime number?
False
Is 170783911 a prime number?
True
Is 1699334171 composite?
False
Is 3336451 prime?
True
Is 4562039 prime?
True
Is 490833689 composite?
True
Is 250204207 a prime number?
False
Is 33736961 composite?
True
Is 5812357 a prime number?
False
Is 11884549 a composite number?
True
Is 8901533 a prime number?
True
Is 474529607 prime?
True
Is 40387 a composite number?
False
Is 524152807 a prime number?
True
Is 269093911 prime?
True
Is 21783746 a composite number?
True
Is 46164743 prime?
True
Is 125321749 a composite number?
True
Is 19817771 a prime number?
False
Is 35563207 a composite number?
True
Is 16954633 prime?
False
Is 24171649 a composite number?
False
Is 45315989 a prime number?
True
Is 11637797 composite?
False
Is 136106903 a composite number?
False
Is 7164413 a prime number?
True
Is 1305047 composite?
False
Is 106110097 composite?
False
Is 465412063 a prime number?
True
Is 23574219 composite?
True
Is 50725757 prime?
False
Is 43312879 prime?
False
Is 12192841 composite?
True
Is 10281967 a prime number?
False
Is 349582283 prime?
True
Is 135111233 composite?
True
Is 4877465 a composite number?
True
Is 9328967 a composite number?
False
Is 62365241 a composite number?
True
Is 5193691 a composite number?
False
Is 1753942 a composite number?
True
Is 120084934 composite?
True
Is 2531407 prime?
False
Is 919517 a composite number?
True
Is 10823759 composite?
False
Is 111839437 a composite number?
False
Is 11018507 a composite number?
False
Is 5604301 composite?
False
Is 653789833 a composite number?
True
Is 945259279 composite?
True
Is 432413 prime?
True
Is 68574314 a composite number?
True
Is 195414899 a prime number?
False
Is 29674543 a prime number?
True
Is 4968577 a prime number?
True
Is 6688469 composite?
True
Is 196391642 prime?
False
Is 32564153 prime?
True
Is 3096661 composite?
False
Is 94078867 composite?
True
Is 334981 a prime number?
False
Is 7228961 a composite number?
True
Is 314825255 composite?
True
Is 98150687 prime?
True
Is 24545167 a prime number?
True
Is 81433799 a prime number?
True
Is 411233 a prime number?
True
Is 1830881 composite?
True
Is 30919561 composite?
True
Is 685231 prime?
True
Is 304666931 a prime number?
False
Is 23749769 a composite number?